on factor of 286 and 13574.
22
What is the greatest common factor of 11319 and 1056?
33
What is the highest common divisor of 5976 and 24?
24
What is the highest common factor of 17154 and 36?
18
Calculate the greatest common factor of 161 and 662239.
23
Calculate the highest common divisor of 101982 and 138.
138
Calculate the greatest common divisor of 78095 and 20.
5
Calculate the highest common factor of 62280 and 16.
8
What is the highest common factor of 111 and 1282235?
37
What is the greatest common divisor of 1512 and 76468?
28
What is the greatest common factor of 24 and 221448?
24
What is the highest common factor of 287 and 9553?
41
What is the greatest common factor of 12368 and 32?
16
Calculate the greatest common divisor of 23489 and 2407.
83
Calculate the greatest common divisor of 106 and 9911.
53
Calculate the highest common divisor of 22824 and 5040.
72
Calculate the greatest common factor of 4590 and 2805.
255
What is the highest common divisor of 33 and 57288?
33
Calculate the greatest common divisor of 1202320 and 266.
266
Calculate the greatest common divisor of 2002146 and 24.
6
Calculate the greatest common factor of 155124 and 36084.
372
Calculate the greatest common factor of 468617 and 251.
251
Calculate the highest common factor of 69348 and 20.
4
Calculate the greatest common factor of 244 and 66124.
244
What is the highest common factor of 2380884 and 51?
51
What is the greatest common divisor of 3705 and 17195?
95
Calculate the highest common divisor of 51450 and 175.
175
Calculate the highest common factor of 42377 and 31.
31
What is the highest common divisor of 53994 and 18?
6
What is the highest common factor of 408 and 365640?
24
Calculate the greatest common factor of 403 and 3119623.
403
Calculate the greatest common divisor of 6958 and 9506.
98
What is the greatest common divisor of 1906333 and 1001?
143
Calculate the highest common divisor of 2249 and 242027.
173
Calculate the greatest common divisor of 7840 and 24830.
10
Calculate the highest common factor of 9 and 27039.
3
What is the greatest common factor of 18265 and 3091?
281
Calculate the highest common divisor of 2584 and 4726.
34
Calculate the greatest common divisor of 319074 and 71.
71
What is the greatest common divisor of 164613 and 333?
111
Calculate the highest common factor of 1692 and 311046.
282
Calculate the highest common divisor of 112 and 11326.
14
Calculate the greatest common factor of 124 and 150598.
62
Calculate the highest common divisor of 532631 and 451.
451
What is the highest common factor of 6588 and 4168557?
1647
Calculate the highest common divisor of 306 and 11662.
34
What is the greatest common divisor of 16434 and 99?
99
Calculate the highest common factor of 39574 and 4631.
421
Calculate the highest common divisor of 7092 and 792.
36
Calculate the greatest common divisor of 410 and 76875.
205
What is the highest common divisor of 203225 and 363?
11
Calculate the highest common divisor of 23916 and 6372.
12
Calculate the greatest common factor of 66 and 378.
6
Calculate the highest common divisor of 65 and 216775.
65
What is the highest common divisor of 1440 and 2864?
16
What is the greatest common factor of 4541 and 8512?
19
What is the highest common divisor of 655 and 525179?
131
Calculate the highest common divisor of 15 and 542319.
3
What is the highest common factor of 1476 and 99?
9
What is the greatest common factor of 226240 and 505?
505
What is the greatest common factor of 288144 and 162?
54
What is the greatest common divisor of 7429 and 575?
23
Calculate the highest common divisor of 544 and 113492.
68
What is the greatest common divisor of 752 and 31664?
16
What is the highest common divisor of 35568 and 27873?
171
What is the highest common divisor of 175 and 1175?
25
What is the greatest common factor of 11456 and 4654?
358
Calculate the highest common divisor of 160531 and 119.
119
What is the greatest common factor of 85025 and 11400?
475
What is the greatest common divisor of 1680 and 973680?
240
Calculate the greatest common divisor of 91882 and 14.
14
What is the greatest common factor of 21 and 993?
3
What is the greatest common divisor of 144522 and 504?
126
Calculate the greatest common divisor of 56 and 77266.
14
Calculate the greatest common divisor of 21672 and 1008.
504
What is the greatest common factor of 63 and 381411?
9
Calculate the greatest common divisor of 75636 and 43164.
396
Calculate the highest common factor of 176 and 2672.
16
Calculate the highest common factor of 532 and 511518.
266
Calculate the greatest common divisor of 140 and 60578.
14
Calculate the greatest common factor of 11671 and 425461.
1061
Calculate the greatest common divisor of 270 and 136110.
30
What is the highest common factor of 4288 and 1216?
64
What is the highest common divisor of 4437 and 6409?
493
What is the highest common factor of 4 and 404252?
4
Calculate the highest common divisor of 16107 and 1029.
21
Calculate the highest common divisor of 95 and 3781.
19
What is the highest common divisor of 630 and 972?
18
Calculate the greatest common divisor of 534 and 2470818.
534
Calculate the greatest common divisor of 12448 and 2416.
16
What is the highest common factor of 1340 and 5580?
20
Calculate the highest common factor of 1440 and 7080.
120
Calculate the highest common factor of 4394712 and 28.
28
What is the greatest common divisor of 472 and 406156?
236
What is the greatest common divisor of 4 and 25394?
2
Calculate the greatest common factor of 585 and 18360.
45
Calculate the greatest common divisor of 81 and 9639.
81
Calculate the greatest common factor of 193414 and 13.
13
What is the greatest common divisor of 14208 and 29082?
222
Calculate the highest common divisor of 3324 and 60.
12
What is the greatest common divisor of 1414 and 448?
14
What is the highest common factor of 73842 and 16277?
397
Calculate the highest common factor of 570761 and 697.
41
What is the greatest common divisor of 190910 and 40?
10
What is the greatest common divisor of 2000 and 354500?
500
What is the highest common factor of 90 and 14562?
18
Calculate the highest common factor of 7390 and 10.
10
What is the highest common divisor of 72 and 284760?
72
Calculate the highest common factor of 46176 and 143.
13
Calculate the greatest common divisor of 330 and 1994190.
330
Calculate the greatest common factor of 13601 and 28.
7
What is the highest common divisor of 73537 and 151?
151
Calculate the highest common divisor of 27 and 84339.
9
Calculate the greatest common divisor of 8128 and 27051.
127
Calculate the highest common divisor of 153 and 2799.
9
What is the greatest common divisor of 8657 and 22?
11
What is the greatest common divisor of 864 and 1104?
48
Calculate the greatest common divisor of 486 and 102681.
27
Calculate the greatest common factor of 137269 and 165.
11
Calculate the highest common factor of 12 and 200532.
12
Calculate the highest common divisor of 819 and 76713.
273
Calculate the greatest common factor of 2060 and 104.
4
Calculate the greatest common divisor of 468 and 41028.
156
Calculate the highest common factor of 471 and 3381309.
471
Calculate the highest common divisor of 3045 and 3345.
15
What is the highest common divisor of 6740 and 470?
10
Calculate the highest common divisor of 132479 and 1507.
137
Calculate the highest common divisor of 44 and 4891942.
22
Calculate the greatest common factor of 492 and 394912.
164
What is the highest common factor of 92337 and 21?
21
Calculate the highest common divisor of 1644 and 32052.
12
What is the highest common factor of 12 and 69945?
3
Calculate the highest common divisor of 75 and 1645.
5
What is the highest common factor of 96405 and 15?
15
Calculate the highest common divisor of 13818 and 198716.
658
Calculate the greatest common divisor of 246 and 278636.
82
What is the greatest common factor of 306 and 816?
102
What is the highest common divisor of 3773 and 274743?
343
What is the greatest common divisor of 19874 and 76?
38
Calculate the highest common divisor of 7 and 8662.
1
What is the highest common divisor of 4402 and 584188?
142
Calculate the highest common factor of 32947 and 47.
47
What is the highest common factor of 